2210028.
2, 823, 3709
What are the prime factors of 10954367?
439, 24953
What are the prime factors of 2260050?
2, 3, 5, 13, 19, 61
List the prime factors of 5079.
3, 1693
List the prime factors of 20714818.
2, 71, 145879
List the prime factors of 1089935.
5, 7, 11, 19, 149
List the prime factors of 37465.
5, 59, 127
What are the prime factors of 479896?
2, 223, 269
List the prime factors of 6842072.
2, 31, 47, 587
What are the prime factors of 1872106?
2, 936053
List the prime factors of 336573.
3, 37397
What are the prime factors of 1819?
17, 107
List the prime factors of 39085539.
3, 53, 245821
What are the prime factors of 1177763?
1177763
What are the prime factors of 15172067?
15172067
What are the prime factors of 8396358?
2, 3, 1399393
What are the prime factors of 2063620?
2, 5, 13, 7937
What are the prime factors of 139805?
5, 27961
What are the prime factors of 1913812?
2, 478453
List the prime factors of 116692.
2, 29173
What are the prime factors of 1437856?
2, 7, 131
What are the prime factors of 2160946?
2, 19, 41, 73
List the prime factors of 652403.
19, 34337
What are the prime factors of 4342591?
11, 211, 1871
What are the prime factors of 202371?
3, 13, 5189
What are the prime factors of 40880?
2, 5, 7, 73
What are the prime factors of 222660?
2, 3, 5, 1237
What are the prime factors of 7449353?
7449353
List the prime factors of 4616522.
2, 2308261
List the prime factors of 1102492.
2, 275623
What are the prime factors of 467526?
2, 3, 67, 1163
List the prime factors of 404275.
5, 103, 157
What are the prime factors of 881388?
2, 3, 8161
List the prime factors of 6627194.
2, 7, 379, 1249
What are the prime factors of 10152090?
2, 3, 5, 13, 8677
What are the prime factors of 2169213?
3, 723071
What are the prime factors of 174154?
2, 19, 4583
List the prime factors of 203549.
203549
List the prime factors of 610252.
2, 152563
List the prime factors of 38898520.
2, 5, 23, 42281
What are the prime factors of 12548257?
12548257
What are the prime factors of 129667?
127, 1021
What are the prime factors of 32564213?
11, 257, 11519
What are the prime factors of 5495327?
239, 22993
What are the prime factors of 2858?
2, 1429
List the prime factors of 7617463.
7, 1088209
What are the prime factors of 3222606?
2, 3, 199, 2699
What are the prime factors of 77003?
77003
List the prime factors of 2923104.
2, 3, 30449
List the prime factors of 168715.
5, 41, 823
List the prime factors of 2270021.
13, 174617
List the prime factors of 4775026.
2, 2387513
List the prime factors of 17162010.
2, 3, 5, 17, 3739
What are the prime factors of 23440242?
2, 3, 7, 197, 2833
List the prime factors of 80546.
2, 17, 23, 103
List the prime factors of 224523.
3, 13, 19, 101
List the prime factors of 210766.
2, 17, 6199
What are the prime factors of 7000028?
2, 7, 53, 89
What are the prime factors of 2050619?
29, 31, 2281
List the prime factors of 91492.
2, 89, 257
List the prime factors of 27607971.
3, 29, 317333
List the prime factors of 613493.
613493
List the prime factors of 20384851.
20384851
What are the prime factors of 6146173?
11, 29, 19267
What are the prime factors of 3777420?
2, 3, 5, 157, 401
What are the prime factors of 4809500?
2, 5, 9619
List the prime factors of 1223475.
3, 5, 11, 1483
What are the prime factors of 221436?
2, 3, 6151
List the prime factors of 688827.
3, 23, 67, 149
What are the prime factors of 346390?
2, 5, 11, 47, 67
List the prime factors of 435168.
2, 3, 1511
What are the prime factors of 177500?
2, 5, 71
List the prime factors of 9858610.
2, 5, 43, 101, 227
What are the prime factors of 207439?
283, 733
List the prime factors of 4482746.
2, 19, 23, 223
List the prime factors of 2779477.
37, 43, 1747
What are the prime factors of 136321?
23, 5927
What are the prime factors of 1395733?
97, 14389
List the prime factors of 393423.
3, 199, 659
What are the prime factors of 407255?
5, 47, 1733
List the prime factors of 757055.
5, 13, 19, 613
List the prime factors of 1269290.
2, 5, 11, 1049
List the prime factors of 855419.
855419
List the prime factors of 155402.
2, 13, 43, 139
List the prime factors of 338957.
37, 9161
List the prime factors of 3614715.
3, 5, 13, 37, 167
List the prime factors of 125665.
5, 41, 613
List the prime factors of 402779.
13, 30983
List the prime factors of 1487718.
2, 3, 82651
What are the prime factors of 394990?
2, 5, 39499
What are the prime factors of 618174?
2, 3, 61, 563
What are the prime factors of 2383885?
5, 7, 68111
What are the prime factors of 204568?
2, 7, 13, 281
List the prime factors of 1010660.
2, 5, 7, 7219
List the prime factors of 1679541.
3, 37, 15131
What are the prime factors of 651728?
2, 7, 11, 23
List the prime factors of 611066.
2, 305533
List the prime factors of 1729353.
3, 257, 2243
What are the prime factors of 3308210?
2, 5, 330821
What are the prime factors of 1180256?
2, 7, 11, 479
What are the prime factors of 865124?
2, 13, 127, 131
What are the prime factors of 545798?
2, 11, 24809
List the prime factors of 17502.
2, 3, 2917
What are the prime factors of 68594?
2, 34297
What are the prime factors of 549698?
2, 191, 1439
List the prime factors of 4619860.
2, 5, 7, 32999
List the prime factors of 1348618.
2, 47, 14347
What are the prime factors of 1495259?
73, 20483
List the prime factors of 1775430.
2, 3, 5, 19727
What are the prime factors of 289201?
11, 61, 431
What are the prime factors of 4588448?
2, 223, 643
List the prime factors of 166845.
3, 5, 7, 227
What are the prime factors of 604382?
2, 302191
List the prime factors of 4716195.
3, 5, 11, 101, 283
What are the prime factors of 2591190?
2, 3, 5, 7, 457
What are the prime factors of 3495491?
191, 18301
What are the prime factors of 16003520?
2, 5, 13, 3847
List the prime factors of 911207.
11, 82837
What are the prime factors of 491006?
2, 383, 641
What are the prime factors of 169532?
2, 11, 3853
What are the prime factors of 225798?
2, 3, 37633
List the prime factors of 727829.
449, 1621
What are the prime factors of 130497?
3, 43499
What are the prime factors of 430755?
3, 5, 13, 47
List the prime factors of 20482195.
5, 17, 240967
What are the prime factors of 14362?
2, 43, 167
List the prime factors of 34913020.
2, 5, 167, 10453
List the prime factors of 80180.
2, 5, 19, 211
List the prime factors of 1383725.
5, 7, 7907
List the prime factors of 7140.
2, 3, 5, 7, 17
List the prime factors of 3901012.
2, 53, 18401
What are the prime factors of 216862?
2, 29, 3739
What are the prime factors of 24193?
13, 1861
What are the prime factors of 237003?
3, 13, 59, 103
What are the prime factors of 1018655?
5, 11, 18521
What are the prime factors of 1644214?
2, 11, 13, 5749
What are the prime factors of 27834962?
2, 19, 31, 23629
List the prime factors of 4934136.
2, 3, 205589
What are the prime factors of 12739898?
2, 6369949
List the prime factors of 598465.
5, 7, 17099
What are the prime factors of 21569880?
2, 3, 5, 179749
What are the prime factors of 337486?
2, 168743
What are the prime factors of 7759950?
2, 3, 5, 11, 4703
What are the prime factors of 8027336?
2, 1003417
What are the prime factors of 4508586?
2, 3, 19, 13183
List the prime factors of 6338.
2, 3169
List the prime factors of 592745.
5, 118549
List the prime factors of 2739483.
3, 79, 3853
What are the prime factors of 109373?
11, 61, 163
List the prime factors of 14731450.
2, 5, 294629
List the prime factors of 26435.
5, 17, 311
What are the prime factors of 10243847?
43, 238229
What are the prime factors of 604874?
2, 167, 1811
What are the prime factors of 1385929?
1385929
What are the prime factors of 949424?
2, 7, 173
What are the prime factors of 601580?
2, 5, 7, 4297
What are the prime factors of 32317982?
2, 3217, 5023
List the prime factors of 226582.
2, 193, 587
What are the prime factors of 189257?
189257
What are the prime factors of 1642459?
7, 13, 18049
List the prime factors of 7058305.
5, 37, 38153
List the prime factors of 148542.
2, 3, 19, 1303
What are the prime factors of 1577202?
2, 3, 11, 23, 1039
What are the prime factors of 463398?
2, 3, 13, 457
List the prime factors of 1323822.
2, 3, 61, 3617
List the prime factors of 92159.
157, 587
List the prime factors of 1188139.
41, 28979
List the prime fact